. What is the hundreds digit of g?
1
Let x = -38 - -41. What is the units digit of (-2000)/75*(-4)/(8/x)?
0
Let f(y) = 689*y**2 - 107*y + 614. What is the hundreds digit of f(5)?
3
Let o = 26 - 36. What is the units digit of (-4318)/(-15) + o/(-75)?
8
Let i(q) = q - 9. Let n be i(14). Let h(m) = 15*m**2 - m - 18. Let d be h(n). Suppose -2*f = 2*f - d. What is the tens digit of f?
8
Suppose -4*r - 43242 = -17*u + 14*u, -5*r = 0. What is the ten thousands digit of u?
1
Suppose -5*j + 510 = 3*g, -2*g - 2*j + 694 = 2*g. Let a = -29 - -73. Suppose 0 = v + a - g. What is the tens digit of v?
3
Suppose -37*m - 43*m = -82*m + 3512. What is the hundreds digit of m?
7
Let w be (-8)/((2 - (2 + 3))/3). Suppose 0 = -13*g + w*g + 3500. What is the hundreds digit of g?
7
Let b be (-1)/((-15)/417) - (-13)/65. Suppose 0 = b*g - 10415 - 8597. What is the tens digit of g?
7
Let t = -86 + 222. Let s = t + -40. Suppose -k + 7*k = s. What is the units digit of k?
6
Let g be (-6)/(-6) + -5 + 7*24. Suppose -4*m + 592 = -i - 3*i, -m - 3*i = -g. What is the tens digit of m?
5
Let j = -1303 + 5392. What is the units digit of j?
9
Suppose -5*g = 5*k - 3*k - 8, 3*g - 8 = 2*k. Suppose g*m + 76 = 6*m. Let z = 10 + m. What is the tens digit of z?
2
Let i(g) = 14*g - 44. Suppose -3*s + 6 = -5*j, 2*j = -s + 3*j. Let r(t) = -5*t + 15. Let m(f) = s*i(f) - 10*r(f). What is the units digit of m(9)?
4
Let n = 135 + -131. Suppose -2*m - 2 = 2*p, n*m - p = 2*p - 4. Let i(t) = 27*t**2 + t + 1. What is the units digit of i(m)?
7
Let u be 5 - (-7 + 100/5). What is the tens digit of 0 + (-2)/u + 165102/168?
8
Let c(r) = 405*r**3 - 4*r**2 - 38*r + 235. What is the ten thousands digit of c(5)?
5
Let y = -174 - -169. What is the tens digit of 51 + -57 + y/((-5)/42)?
3
Suppose 4 = -2*c - 2, -q + 8 = -2*c. Suppose q*m = 4*u - 1903 - 225, 4*m = -u + 541. What is the hundreds digit of u?
5
Let d(v) = -v**2 + 13*v - 17. Let c be d(11). Suppose c*n + 275 = -0*j + j, 0 = -3*n + 3. Suppose 3*l - 20 = j. What is the hundreds digit of l?
1
Suppose 4*f + 2*t = 321260, -30*t + 401566 = 5*f - 29*t. What is the thousands digit of f?
0
Suppose -20*n + 45324 + 16896 = 0. What is the tens digit of n?
1
Suppose y + 5*n + 0*n = 18, 3*n - 6 = y. Suppose -y*d - d - 5*z + 35 = 0, 27 = 3*d + 4*z. Suppose 0 = -4*p + d*p - 139. What is the hundreds digit of p?
1
What is the hundreds digit of (-4)/(-4) - (4/(-14) + 5092791/(-231))?
0
Suppose a + 86 - 8 = 3*b, 0 = -2*b - 4. Let v = a + 91. What is the units digit of v?
7
Let r be (-77)/(-2)*84/147. Suppose 552 - r = 5*q. What is the tens digit of q?
0
Let r = -148 - -90. Let l = r - -106. Suppose 3*h - l = 24. What is the units digit of h?
4
Suppose 580*c = 588*c - 477944. What is the hundreds digit of c?
7
Suppose 0 = -w - 3*f + 2246, -4*w + 3*f + 4241 = -4698. Suppose w = -9*r + 10094. What is the units digit of r?
3
Suppose -15*c + 699183 = 23*c + 99049. What is the thousands digit of c?
5
What is the thousands digit of 75/510*4/(-5) - 3173038/(-187)?
6
Let l = -742 - -482. Let k = l + 650. What is the tens digit of k?
9
Let f = -146 - -80. Let d = f - -66. Let j(r) = -3*r + 173. What is the hundreds digit of j(d)?
1
Let x(m) = -3*m**2 - 17*m + 0*m**2 - 3*m + 2*m**2 - 17. Let a be x(-19). What is the tens digit of (2 + 192)*a/4?
9
Let r(l) = 73*l - 2. Let d be r(2). Suppose -5*u + 200 = 5*i, -21*u - 208 = -26*u - i. Let z = d - u. What is the units digit of z?
2
Suppose 136*g - 49*g + 1082252 = 3162248. What is the ten thousands digit of g?
2
Suppose -3*q + 416*d + 1913 = 420*d, 2568 = 4*q + d. What is the units digit of q?
3
Suppose 1133 = -z + 14271 + 2064. What is the units digit of z?
2
Let t(g) = 2831*g**3 + 3*g**2 - 25*g + 72. What is the units digit of t(3)?
1
Let m = 75583 + -24638. What is the units digit of m?
5
Let w be (60/(-24))/(2/(-4)). Suppose -3*l + 26 = -2*l + 5*b, -w*l - 2*b = -199. Suppose -126 = -2*u - 2*p, l + 28 = u - p. What is the tens digit of u?
6
Suppose -19*n = 2*d - 16*n - 81776, 5*n = 5*d - 204440. What is the units digit of d?
8
Let z be -1*(-3 - (4 + 12)). Suppose 1908 = -n + z*n. What is the tens digit of n?
0
Let h be (-2 - -14 - 2) + -170 + 165. Let y(q) = -6*q**3 + q**2 - 3*q + 1. Let m be y(-3). Let u = h + m. What is the hundreds digit of u?
1
Suppose -32*f - 44 = -36*f. Let h(m) = -3*m**2 + 3*m - 12. Let j be h(f). Let y = -139 - j. What is the units digit of y?
3
Let k = 2365 - 3805. Let h = -770 - k. What is the units digit of h?
0
Let q be -25 + 2 + -3 - 4/(-4). Let i = q + -46. Let p = i - -119. What is the units digit of p?
8
Let k(o) be the third derivative of o**5/60 + 7*o**4/8 - 14*o**3 + 99*o**2. What is the tens digit of k(-26)?
4
Let v be -1 - -202 - (0 + 5). Suppose v*i + 324 = 202*i. What is the tens digit of i?
5
Let n = 558 + -658. What is the hundreds digit of 162/(-3 - 308/n) - -5?
0
Let d = 14 - 14. Let i(g) = g**2 - 8*g - 30. Let t be i(11). Suppose -2*u + 199 = -3*r, t*r + d = -3. What is the units digit of u?
8
Let b = -5113 + 7437. What is the tens digit of b?
2
Suppose -2660 = -5*v + 2207*t - 2205*t, -2125 = -4*v + t. What is the units digit of v?
0
Let c = -8 - -34. Suppose 24*f - c*f = -668. What is the tens digit of f?
3
Suppose 5*k = 57*k + 17*k - 410826. What is the thousands digit of k?
5
Let z(q) = 3*q**2 + q - 3. Let a be z(1). What is the hundreds digit of (6/(-8))/(a/(-1104)*4)?
2
Let v = 33 - 33. Suppose v*y - 6*y = 966. Let z = 236 + y. What is the tens digit of z?
7
Suppose 13*g = 3*g + 30. Suppose 3*z = g*x - 153, 0*z - 102 = -2*x - z. What is the tens digit of x?
5
Let q(w) = w**3 - 9*w**2 + 13*w + 10. Let y be q(7). Suppose -s - 2*l + 120 = 0, y*l + 192 = 2*s - 34. Let m = s + -62. What is the units digit of m?
4
Let o(t) = 1329*t**3 - 2*t**2 + 2*t - 2. What is the units digit of o(2)?
6
Let w = -95 + 89. Let b(a) = 4*a**3 + 5*a**2 + 5*a + 3. Let p(c) = 3*c**3 + 6*c**2 + 5*c + 3. Let d(j) = -2*b(j) + 3*p(j). What is the tens digit of d(w)?
4
Suppose 5*x = -9*x + 154. Let l(c) = -2*c**2 - 3*c - 56. Let b(k) = k**2 + 4*k + 55. Let j(n) = -3*b(n) - 2*l(n). What is the units digit of j(x)?
2
Let a = -284 + 324. Suppose -15 = 5*f - a, -2*x + 264 = 4*f. What is the tens digit of x?
2
Suppose 7*c - 4498 = 5*c + 5*t, 4*t = c - 2243. Let x = c - 694. What is the hundreds digit of x?
5
Suppose 3*v = j - 35610, -25*j = -30*j + 5*v + 177980. What is the ten thousands digit of j?
3
Suppose 0 = -z - 4, 3*o + 5*z - 61 = 0. Suppose -q = -5*c + 94, 4*c - 48 - o = q. Let v = c - 8. What is the units digit of v?
1
Let g = -168 + 170. Suppose -2*l + 3*l - 1456 = -4*v, -2*l = g*v - 734. What is the units digit of v?
3
Let d(n) = 6*n + 4342. What is the hundreds digit of d(46)?
6
Suppose -16*x + 14*x + 169250 = 23*x. What is the hundreds digit of x?
7
What is the thousands digit of 152796/50 + (-254)/(-3175)?
3
Let g be 2/(-4) - ((-55)/10 - -3). Suppose g*j = y + 891, -5*j - 4*y + 2265 = y. What is the units digit of j?
8
Let g(y) = y**3 + 6*y**2 - 8*y + 5. Suppose 8 = c - 0*c - 5*p, 2*c = -2*p + 64. Let r = 31 - c. What is the units digit of g(r)?
2
Let w be 0/(6 - 12/3). Suppose -x = -4, w = 6*m - 8*m + 5*x + 1080. What is the tens digit of m?
5
Let b(u) = -12*u**2 + u - 3. Let t be b(-2). Let i = t + 61. Suppose 416 = -6*s + i*s. What is the tens digit of s?
0
Let x(g) = -g**2 + g + 162. Let i be x(0). Suppose -6270 = 75*r + 20*r. Let v = r + i. What is the tens digit of v?
9
Let g = -19842 + 83556. What is the tens digit of g?
1
Suppose -b = 2*c - 8541, 5*c - 16*b = -14*b + 21348. Suppose 0 = -11*z + 9051 + c. What is the tens digit of z?
1
Let x(t) = -13*t**2 + 117*t - 9. What is the hundreds digit of x(4)?
2
Suppose -2*v + r + 68 = 0, 8*v + 3*r + 99 = 11*v. What is the tens digit of ((-10)/(-6))/(v/903)?
4
Let m(s) = -3*s + 4. Let g(j) = -18 - 28 - 2*j + 4*j. Let w be g(15). What is the tens digit of m(w)?
5
What is the units digit of (6 - 4706912/(-96)) + 5/3?
8
Let d be 16/(-8) - 7 - -3. What is the tens digit of (3824/24)/((-4)/d) + 3?
4
Let u(o) = -18 + o**3 - o - 10*o**2 + 13 + 4*o - o**2. What is the hundreds digit of u(12)?
1
Let u(g) = 2*g**3 + 104*g**2 - 44*g - 178. What is the tens digit of u(-32)?
9
Let m(y) = 45*y - 20. Let i = 11 + -8. Let k be 2*(i - (-2)/(-4)). What is the tens digi